, -4*z + 2*u + 24 = 0. List the prime factors of 2/((-4)/(-238)) + z + -4.
2, 61
List the prime factors of -7 + 4 + 495 + (-2 - 1).
3, 163
Suppose -g - 5*s = -3929, -4*g + 109*s = 105*s - 15596. What are the prime factors of g?
2, 61
Let l be (-2)/(-6) + 40/6. Suppose -453 - 30 = -l*h. List the prime factors of h.
3, 23
Let k(z) = z**2 - 6*z - 3. Let n be k(7). List the prime factors of -1*(-12)/n + 0 + 30.
3, 11
Suppose 4*k = -3*i + 15, -2*i + 18 = 5*k - k. Let u be 4/(-12) + 260/k. Suppose 5*y + u = t, -64 = -3*t + 2*y - 0*y. What are the prime factors of t?
2, 3
Suppose -2*s = -5*p - 14, 3*s + 4*p - 12 = 7*p. Suppose -4*b - j - 187 = 0, -3*b + 75 - 209 = s*j. What are the prime factors of ((-1116)/b)/((-3)/(-8))?
2, 31
Let z = 1023 + -387. What are the prime factors of z?
2, 3, 53
Let o = 1324 + -771. Suppose -6*n + o = -185. Let x = 178 - n. List the prime factors of x.
5, 11
Suppose -9*s + 6006 - 1191 = 0. What are the prime factors of s?
5, 107
Let s(n) = -17*n - 5. Let y(k) = -6*k + 33. Let p be y(7). List the prime factors of s(p).
2, 37
Suppose 0 = -2*c + 7 + 5. Suppose -c*f + 98 = -4*f. List the prime factors of f.
7
Suppose -6*h = -4*h + 8. List the prime factors of (1 + (-4 - h))*3.
3
Suppose 129*i - 124*i = 6230. What are the prime factors of i?
2, 7, 89
Let l = -6 + 6. Suppose -2*a - 2*p = -l*p - 12, -3*p = -12. Suppose -4*j - a*m + 9 = -109, 0 = 2*j - 3*m - 47. What are the prime factors of j?
2, 7
Let p(v) = -5*v**2 + 26*v - 12. Let m(f) = 4*f**2 - 24*f + 12. Let w(k) = -4*m(k) - 3*p(k). Suppose q - 26 = -q. What are the prime factors of w(q)?
53
Let z = 22 - 30. What are the prime factors of (-6215)/(-25) + (-5)/(100/z)?
3, 83
Let n be 6*(60/(-8))/5. Let z(o) = -5*o + 18. Let i be z(n). Let y = 103 - i. List the prime factors of y.
2, 5
List the prime factors of -6898*(77/(-22) + 3).
3449
Suppose -18*z + 19*z = -14. List the prime factors of (-12)/(z/10 + 1).
2, 3, 5
Suppose 10*l = -2*l - 1392. Let j = 33 - l. List the prime factors of j.
149
Let n be 4/(-1) - (3 - 12). Let c(x) = x**3 + 8*x**2 + 3*x. Let h be c(-6). Suppose -j = n*j - h. What are the prime factors of j?
3
Suppose m - 20 + 6 = 0. Suppose -164 = m*a - 15*a. What are the prime factors of a?
2, 41
Let w be 3 + (39/(-26))/(2/(-36)). Suppose -4*t + 0 + 10 = 2*b, t + 10 = -3*b. Suppose 8*s = t*s + w. List the prime factors of s.
2, 5
Let j(g) be the first derivative of -g**3/3 - 5*g**2 - 2*g + 10. List the prime factors of j(-6).
2, 11
Let w(t) = 5*t**2 - 3*t - 1. Suppose y - 2 = -g, 0*y = 5*g + 2*y - 19. Let p(d) = -d**3 + 6*d**2 - 6*d + 3. Let o be p(g). What are the prime factors of w(o)?
5
Suppose -2*v + 4*v = 4. What are the prime factors of (3 - 0 - v) + (-1 - -97)?
97
Let y(s) = -s**2 - 13*s - 17. Let r be y(-15). Let v = r - -224. What are the prime factors of v/5 - (-8)/(-20)?
5, 7
Suppose -2*i = -0*i + 8. Let v = 6 + i. Suppose 0 = 2*k - s - 22, -5*k + 24 = -3*k - v*s. List the prime factors of k.
2, 5
Let f be ((-14)/(1/(-1)))/(5/170). Suppose f = 13*q - 9*q. List the prime factors of q.
7, 17
Let u be 14/4 + (-1)/(-2). Let n(g) = -9*g + 6. Let h(t) = -28*t + 18. Let d(j) = 5*h(j) - 16*n(j). What are the prime factors of d(u)?
2, 5
What are the prime factors of 597/5 - 20/50?
7, 17
Let y = 142 - 97. Suppose -p + y + 12 = 0. What are the prime factors of p?
3, 19
Let i(h) = -4*h + 2. Let n be i(4). Let s be 26/6 + n/(-21). Suppose 2*l - s*l = -18. List the prime factors of l.
2, 3
Suppose -3*w + 1 = -5. Let o = w + 2. Suppose 0*m - 3*m - 3*n = -27, 3*m - o*n = -1. What are the prime factors of m?
5
Suppose 0 = -5*f + 7*f - 26. Suppose -3*c + f = -2*x + 145, c + 67 = x. What are the prime factors of x?
3, 23
Let k be (1/(-1) - 3)*-6. Suppose -4*p + 2*p - 4*h = -k, -h - 22 = -3*p. What are the prime factors of 20/p*(-84)/(-15)?
2, 7
Let l be (10/(-4))/((-1)/974) - -1. What are the prime factors of l/10 + (-7)/(-5) + -2?
3
Let v be -2*(-2 + 1) - -22. What are the prime factors of -3 + 8/2 + v?
5
Suppose 2*q = -2*h + 4 + 8, -8 = 4*h - 4*q. Let g = h + -3. List the prime factors of (g - (1 + -3))*47.
47
Let v = 32 + -32. Suppose -161 = -l - 2*l - 2*x, -4*l - x + 223 = v. What are the prime factors of l?
3, 19
Let r(g) = -g**3 + g**2 - 2*g - 6. Let w be r(0). What are the prime factors of (-612)/8*8/w?
2, 3, 17
Suppose -7*d = -17*d + 4530. What are the prime factors of d?
3, 151
Let z be (-2)/6 - 121/(-3). Suppose z = -5*b - 0*b. What are the prime factors of b/(-4) - (-24 + 0)?
2, 13
Let a = 210 - -3162. List the prime factors of a.
2, 3, 281
Let y(a) = -a + 6. Let u be y(7). Let d = -78 + 31. What are the prime factors of (-2 + u - d) + -2?
2, 3, 7
Let d = 2778 - 1923. What are the prime factors of d?
3, 5, 19
Let o(z) = -z + 14. Suppose -6*i + 2*i = 0. Let q = i + -10. What are the prime factors of o(q)?
2, 3
Suppose 0*y = -10*y + 1280. Suppose 4*z - 5*p - 3 - y = 0, -z = 5*p - 39. What are the prime factors of z?
2, 17
Let u(s) = 2*s**2 - 18*s - 21. Let t be u(11). Let h(o) = -3*o**3 + 3*o**2 - 2*o - 2. Let g be h(2). Let l = g + t. What are the prime factors of l?
5
List the prime factors of 336 - (-1 - -2 - 1).
2, 3, 7
Let u(n) = 19*n + 26. Let s be u(-10). List the prime factors of -3 + 1 - 1/1 - s.
7, 23
Let u(j) = 51*j**3 + j**2 - j. Let b be (7 - 6)/(1/(-6)). Let l be ((-4)/b)/((-2)/(-3)). What are the prime factors of u(l)?
3, 17
Let p = 35 + 18. Let m = -42 + p. List the prime factors of m.
11
Let r(b) = b**3 - 10*b**2 + 2*b - 14. Let t be r(10). List the prime factors of 55 + -5 + t/2.
53
Let w(a) = a**3 - 19*a**2 - 41. Let o(p) = -p**3 + 19*p**2 + 40. Let q(b) = -2*o(b) - 3*w(b). List the prime factors of q(19).
43
Suppose -7*a + 77 = -98. Suppose -i + 37 = -a. List the prime factors of i.
2, 31
Let b(k) = 36*k**2 - 19*k + 75. List the prime factors of b(-10).
5, 773
Suppose 8875 = 5*q + l, -15*q - 3*l + 7100 = -11*q. List the prime factors of q.
5, 71
Suppose -5*t + 6441 + 3469 = 0. What are the prime factors of t?
2, 991
Let f(x) = x**2 + x + 129. Let p(l) = -2*l + 14. Let s be p(7). Let b be f(s). Suppose 0 = -2*n + b - 17. What are the prime factors of n?
2, 7
Suppose 2*s - 3192 = 3*q, -8*s - 4*q = -12*s + 6384. What are the prime factors of s?
2, 3, 7, 19
Let v be 3/6 + 57/(-6). What are the prime factors of -1 + 14/18 + (-614)/v?
2, 17
Let s(g) = -g**3 + 7*g**2 + 9*g - 7. Suppose -20 = -5*r, j - 4*r + 6 = -r. What are the prime factors of s(j)?
83
Suppose -2*h + 5*z = h - 21, -2*h + z = -7. Let w(k) = -k**2 + 12*k**2 - k**3 - h + k + 7. What are the prime factors of w(11)?
2
Suppose -4*s = -4*q - 4408 - 3900, -8299 = -4*s + q. List the prime factors of s.
2, 17, 61
Suppose -d + 10 = 4*x, 0 = -x - 5*d + 3*d + 6. Suppose -5*m = -3*p + 140, -x*m + 42 = p + m. List the prime factors of p.
3, 5
Let g(q) = 931*q + 671. List the prime factors of g(5).
2, 2663
Let t(h) = -10*h - 122. What are the prime factors of t(-43)?
2, 7, 11
Let g(j) = -7*j + 122. List the prime factors of g(-22).
2, 3, 23
Let u = 55 + 207. What are the prime factors of u?
2, 131
Let k(c) = -c**2 - 20*c + 15. Let n be 1/(-3 - (-190)/65). What are the prime factors of k(n)?
2, 53
Suppose 0 = -3*v - 3, y + 4*v = -3*y + 1228. List the prime factors of (-2)/(-5) + y/5.
2, 31
Suppose 336 = 2*b - 9*b. List the prime factors of (-77)/2*-2 - (b - -47).
2, 3, 13
Let d be ((5 - 4)/(-3))/(1/3). List the prime factors of (d + 49/2)/(2/4).
47
Let h be 5 - 6/8*4. Let v be 2035/22 + 1/h. Suppose -2*x - v = -5*x. List the prime factors of x.
31
Let b(l) = l**3 - 2*l + 180. What are the prime factors of b(0)?
2, 3, 5
Let h be (-99)/81 - 4/(-18). Let z be (-222)/(-4)*(1 - h). Suppose -21 = 3*a - z. List the prime factors of a.
2, 3, 5
Let u = -3296 + 3355. List the prime factors of u.
59
Let z = 23 - 18. Suppose 3*p - 14 + z = -3*b, -4*b + 28 = -4*p. Suppose -2*n - 2*t + 42 = t, 79 = b*n + t. What are the prime factors of n?
3, 5
Suppose 3 = 5*k - 7. Let s be (7 - 7)*1/k. Suppose -4*u + 66 = 5*z + 23, s = 5*u - z - 32. List the prime factors of u.
7
Let w(u) = 51*u - 2. List the prime factors of w(20).
2, 509
Suppose 23*n - 19*n - 56 = 0. What are the prime factors of 86*(-6 + 5 - n/(-4))?
5, 43
List the prime factors of (-10)/4*(-79832)/340.
587
Suppose 10 + 18 = 7*f. Suppose -f*n + 2*m = 5